{"version":"1.0","provider_name":"E-Dezvoltare Tuzla","provider_url":"https:\/\/etuzla.ro\/en","author_name":"eTuzla","author_url":"https:\/\/etuzla.ro\/en\/author\/mihai\/","title":"\u00cen aten\u0163ia agen\u0163ilor economici! - E-Dezvoltare Tuzla","type":"rich","width":600,"height":338,"html":"<blockquote class=\"wp-embedded-content\" data-secret=\"JTzmdWBrYM\"><a href=\"https:\/\/etuzla.ro\/en\/2024\/01\/17\/in-atentia-agentilor-economici\/\">\u00cen aten\u0163ia agen\u0163ilor economici!<\/a><\/blockquote><iframe sandbox=\"allow-scripts\" security=\"restricted\" src=\"https:\/\/etuzla.ro\/en\/2024\/01\/17\/in-atentia-agentilor-economici\/embed\/#?secret=JTzmdWBrYM\" width=\"600\" height=\"338\" title=\"&#8220;\u00cen aten\u0163ia agen\u0163ilor economici!&#8221; &#8212; E-Dezvoltare Tuzla\" data-secret=\"JTzmdWBrYM\" frameborder=\"0\" marginwidth=\"0\" marginheight=\"0\" scrolling=\"no\" class=\"wp-embedded-content\"><\/iframe><script type=\"text\/javascript\">\n\/*! This file is auto-generated *\/\n!function(c,l){\"use strict\";var e=!1,o=!1;if(l.querySelector)if(c.addEventListener)e=!0;if(c.wp=c.wp||{},c.wp.receiveEmbedMessage);else if(c.wp.receiveEmbedMessage=function(e){var t=e.data;if(!t);else if(!(t.secret||t.message||t.value));else if(\/[^a-zA-Z0-9]\/.test(t.secret));else{for(var r,s,a,i=l.querySelectorAll('iframe[data-secret=\"'+t.secret+'\"]'),n=l.querySelectorAll('blockquote[data-secret=\"'+t.secret+'\"]'),o=0;o<n.length;o++)n[o].style.display=\"none\";for(o=0;o<i.length;o++)if(r=i[o],e.source!==r.contentWindow);else{if(r.removeAttribute(\"style\"),\"height\"===t.message){if(1e3<(s=parseInt(t.value,10)))s=1e3;else if(~~s<200)s=200;r.height=s}if(\"link\"===t.message)if(s=l.createElement(\"a\"),a=l.createElement(\"a\"),s.href=r.getAttribute(\"src\"),a.href=t.value,a.host===s.host)if(l.activeElement===r)c.top.location.href=t.value}}},e)c.addEventListener(\"message\",c.wp.receiveEmbedMessage,!1),l.addEventListener(\"DOMContentLoaded\",t,!1),c.addEventListener(\"load\",t,!1);function t(){if(o);else{o=!0;for(var e,t,r,s=-1!==navigator.appVersion.indexOf(\"MSIE 10\"),a=!!navigator.userAgent.match(\/Trident.*rv:11\\.\/),i=l.querySelectorAll(\"iframe.wp-embedded-content\"),n=0;n<i.length;n++){if(!(r=(t=i[n]).getAttribute(\"data-secret\")))r=Math.random().toString(36).substr(2,10),t.src+=\"#?secret=\"+r,t.setAttribute(\"data-secret\",r);if(s||a)(e=t.cloneNode(!0)).removeAttribute(\"security\"),t.parentNode.replaceChild(e,t);t.contentWindow.postMessage({message:\"ready\",secret:r},\"*\")}}}}(window,document);\n<\/script>","description":"\u00cen data de 15 decembrie 2023 a fost publicat\u0103, \u00een Monitorul Oficial, Ordonan\u021ba de Urgen\u021b\u0103 nr. 115 din 14 decembrie privind unele m\u0103suri fiscal-bugetare \u00een domeniul cheltuielilor publice Modificarea adus\u0103 de OUG 115\/2023 vizeaz\u0103 &nbsp;art. 47 alin. (1) lit. h) Cod fiscal \u0219i prevede sc\u0103derea num\u0103rului micro\u00eentreprinderilor \u00een care o persoan\u0103 poate avea calitatea de ..."}

În atenţia agenţilor economici! - E-Dezvoltare Tuzla

<blockquote class="wp-embedded-content" data-secret="JTzmdWBrYM"><a href="https://etuzla.ro/en/2024/01/17/in-atentia-agentilor-economici/">În atenţia agenţilor economici!</a></blockquote><iframe sandbox="allow-scripts" security="restricted" src="https://etuzla.ro/en/2024/01/17/in-atentia-agentilor-economici/embed/#?secret=JTzmdWBrYM" width="600" height="338" title="&#8220;În atenţia agenţilor economici!&#8221; &#8212; E-Dezvoltare Tuzla" data-secret="JTzmdWBrYM" frameborder="0" marginwidth="0" marginheight="0" scrolling="no" class="wp-embedded-content"></iframe><script type="text/javascript">
/*! This file is auto-generated */
!function(c,l){"use strict";var e=!1,o=!1;if(l.querySelector)if(c.addEventListener)e=!0;if(c.wp=c.wp||{},c.wp.receiveEmbedMessage);else if(c.wp.receiveEmbedMessage=function(e){var t=e.data;if(!t);else if(!(t.secret||t.message||t.value));else if(/[^a-zA-Z0-9]/.test(t.secret));else{for(var r,s,a,i=l.querySelectorAll('iframe[data-secret="'+t.secret+'"]'),n=l.querySelectorAll('blockquote[data-secret="'+t.secret+'"]'),o=0;o<n.length;o++)n[o].style.display="none";for(o=0;o<i.length;o++)if(r=i[o],e.source!==r.contentWindow);else{if(r.removeAttribute("style"),"height"===t.message){if(1e3<(s=parseInt(t.value,10)))s=1e3;else if(~~s<200)s=200;r.height=s}if("link"===t.message)if(s=l.createElement("a"),a=l.createElement("a"),s.href=r.getAttribute("src"),a.href=t.value,a.host===s.host)if(l.activeElement===r)c.top.location.href=t.value}}},e)c.addEventListener("message",c.wp.receiveEmbedMessage,!1),l.addEventListener("DOMContentLoaded",t,!1),c.addEventListener("load",t,!1);function t(){if(o);else{o=!0;for(var e,t,r,s=-1!==navigator.appVersion.indexOf("MSIE 10"),a=!!navigator.userAgent.match(/Trident.*rv:11\./),i=l.querySelectorAll("iframe.wp-embedded-content"),n=0;n<i.length;n++){if(!(r=(t=i[n]).getAttribute("data-secret")))r=Math.random().toString(36).substr(2,10),t.src+="#?secret="+r,t.setAttribute("data-secret",r);if(s||a)(e=t.cloneNode(!0)).removeAttribute("security"),t.parentNode.replaceChild(e,t);t.contentWindow.postMessage({message:"ready",secret:r},"*")}}}}(window,document);
</script>

În data de 15 decembrie 2023 a fost publicată, în Monitorul Oficial, Ordonanța de Urgență nr. 115 din 14 decembrie privind unele măsuri fiscal-bugetare în domeniul cheltuielilor publice Modificarea adusă de OUG 115/2023 vizează &nbsp;art. 47 alin. (1) lit. h) Cod fiscal și prevede scăderea numărului microîntreprinderilor în care o persoană poate avea calitatea de ...
